tors of 212?
2, 53
List the prime factors of 13156.
2, 11, 13, 23
List the prime factors of 2716.
2, 7, 97
List the prime factors of 1154.
2, 577
What are the prime factors of 16199?
97, 167
What are the prime factors of 1998?
2, 3, 37
What are the prime factors of 14050?
2, 5, 281
What are the prime factors of 3911?
3911
What are the prime factors of 858?
2, 3, 11, 13
What are the prime factors of 56337?
3, 89, 211
What are the prime factors of 10912?
2, 11, 31
List the prime factors of 16061.
16061
List the prime factors of 861.
3, 7, 41
What are the prime factors of 2059?
29, 71
What are the prime factors of 73?
73
List the prime factors of 70506.
2, 3, 3917
What are the prime factors of 12300?
2, 3, 5, 41
List the prime factors of 43341.
3, 14447
What are the prime factors of 4212?
2, 3, 13
What are the prime factors of 260?
2, 5, 13
What are the prime factors of 60784?
2, 29, 131
What are the prime factors of 21504?
2, 3, 7
List the prime factors of 55.
5, 11
List the prime factors of 114911.
151, 761
What are the prime factors of 37906?
2, 11, 1723
What are the prime factors of 132?
2, 3, 11
What are the prime factors of 35207?
17, 19, 109
What are the prime factors of 1201?
1201
What are the prime factors of 1754?
2, 877
List the prime factors of 123100.
2, 5, 1231
What are the prime factors of 4631?
11, 421
What are the prime factors of 7881?
3, 37, 71
What are the prime factors of 13899?
3, 41, 113
What are the prime factors of 20821?
47, 443
What are the prime factors of 3479?
7, 71
List the prime factors of 3674.
2, 11, 167
List the prime factors of 2227.
17, 131
What are the prime factors of 3207?
3, 1069
What are the prime factors of 14702?
2, 7351
What are the prime factors of 4375?
5, 7
What are the prime factors of 12107?
12107
What are the prime factors of 2572?
2, 643
What are the prime factors of 1084?
2, 271
What are the prime factors of 1488?
2, 3, 31
List the prime factors of 2690.
2, 5, 269
List the prime factors of 47395.
5, 9479
List the prime factors of 2410.
2, 5, 241
List the prime factors of 162.
2, 3
What are the prime factors of 47095?
5, 9419
What are the prime factors of 4268?
2, 11, 97
What are the prime factors of 14493?
3, 4831
What are the prime factors of 29328?
2, 3, 13, 47
What are the prime factors of 11217?
3, 3739
List the prime factors of 61.
61
List the prime factors of 2510.
2, 5, 251
What are the prime factors of 1713?
3, 571
What are the prime factors of 27756?
2, 3, 257
What are the prime factors of 133747?
79, 1693
List the prime factors of 1640.
2, 5, 41
List the prime factors of 507.
3, 13
List the prime factors of 1398.
2, 3, 233
What are the prime factors of 513?
3, 19
What are the prime factors of 1356?
2, 3, 113
List the prime factors of 358.
2, 179
What are the prime factors of 166?
2, 83
List the prime factors of 33609.
3, 17, 659
What are the prime factors of 54883?
71, 773
List the prime factors of 17280.
2, 3, 5
What are the prime factors of 8497?
29, 293
List the prime factors of 1615.
5, 17, 19
What are the prime factors of 596?
2, 149
What are the prime factors of 46046?
2, 7, 11, 13, 23
What are the prime factors of 1043?
7, 149
What are the prime factors of 22439?
19, 1181
What are the prime factors of 11544?
2, 3, 13, 37
What are the prime factors of 3105?
3, 5, 23
List the prime factors of 1025.
5, 41
List the prime factors of 32307.
3, 11, 89
List the prime factors of 1072.
2, 67
List the prime factors of 1134.
2, 3, 7
What are the prime factors of 43208?
2, 11, 491
List the prime factors of 4591.
4591
What are the prime factors of 90272?
2, 7, 13, 31
What are the prime factors of 2869?
19, 151
What are the prime factors of 214?
2, 107
What are the prime factors of 9858?
2, 3, 31, 53
List the prime factors of 6105.
3, 5, 11, 37
List the prime factors of 61152.
2, 3, 7, 13
List the prime factors of 662.
2, 331
List the prime factors of 30.
2, 3, 5
What are the prime factors of 1070?
2, 5, 107
What are the prime factors of 6891?
3, 2297
What are the prime factors of 2936?
2, 367
List the prime factors of 27802.
2, 13901
List the prime factors of 71913.
3, 23971
What are the prime factors of 67043?
67043
What are the prime factors of 2670?
2, 3, 5, 89
What are the prime factors of 12657?
3, 4219
List the prime factors of 64696.
2, 8087
What are the prime factors of 8206?
2, 11, 373
What are the prime factors of 68394?
2, 3, 11399
What are the prime factors of 25471?
25471
List the prime factors of 16681.
7, 2383
List the prime factors of 4987.
4987
List the prime factors of 78426.
2, 3, 4357
List the prime factors of 97399.
173, 563
List the prime factors of 2726.
2, 29, 47
What are the prime factors of 5318?
2, 2659
List the prime factors of 13447.
7, 17, 113
What are the prime factors of 79560?
2, 3, 5, 13, 17
List the prime factors of 292.
2, 73
List the prime factors of 81701.
81701
What are the prime factors of 2394?
2, 3, 7, 19
List the prime factors of 13248.
2, 3, 23
List the prime factors of 1140.
2, 3, 5, 19
List the prime factors of 35329.
7, 103
List the prime factors of 7823.
7823
List the prime factors of 672.
2, 3, 7
List the prime factors of 71017.
47, 1511
What are the prime factors of 10148?
2, 43, 59
List the prime factors of 66232.
2, 17, 487
What are the prime factors of 91462?
2, 7, 47, 139
What are the prime factors of 541?
541
What are the prime factors of 10915?
5, 37, 59
What are the prime factors of 850?
2, 5, 17
What are the prime factors of 144985?
5, 107, 271
What are the prime factors of 1911?
3, 7, 13
What are the prime factors of 20241?
3, 13, 173
List the prime factors of 39420.
2, 3, 5, 73
What are the prime factors of 9049?
9049
What are the prime factors of 3089?
3089
List the prime factors of 1382.
2, 691
List the prime factors of 55407.
3, 11, 23, 73
What are the prime factors of 5650?
2, 5, 113
What are the prime factors of 15428?
2, 7, 19, 29
What are the prime factors of 3428?
2, 857
List the prime factors of 77.
7, 11
List the prime factors of 69293.
7, 19, 521
List the prime factors of 2521.
2521
List the prime factors of 109868.
2, 11, 227
What are the prime factors of 19891?
19891
What are the prime factors of 46574?
2, 11, 29, 73
What are the prime factors of 126080?
2, 5, 197
What are the prime factors of 9165?
3, 5, 13, 47
List the prime factors of 2366.
2, 7, 13
What are the prime factors of 89726?
2, 7, 13, 17, 29
List the prime factors of 15564.
2, 3, 1297
What are the prime factors of 132?
2, 3, 11
What are the prime factors of 25742?
2, 61, 211
List the prime factors of 34737.
3, 11579
What are the prime factors of 3651?
3, 1217
What are the prime factors of 323?
17, 19
What are the prime factors of 2924?
2, 17, 43
List the prime factors of 10112.
2, 79
List the prime factors of 7030.
2, 5, 19, 37
What are the prime factors of 1221?
3, 11, 37
List the prime factors of 47778.
2, 3, 7963
List the prime factors of 13043.
13043
What are the prime factors of 73347?
3, 23, 1063
List the prime factors of 80828.
2, 11, 167
List the prime factors of 1636.
2, 409
What are the prime factors of 92?
2, 23
What are the prime factors of 2412?
2, 3, 67
List the prime factors of 53234.
2, 43, 619
What are the prime factors of 529?
23
List the prime factors of 181.
181
List the prime factors of 1094.
2, 547
List the prime factors of 29924.
2, 7481
What are the prime factors of 1578?
2, 3, 263
What are the prime factors of 935?
5, 11, 17
List the prime factors of 1529.
11, 139
List the prime factors of 38050.
2, 5, 761
List the prime factors of 2635.
5, 17, 31
What are the prime factors of 42846?
2, 3, 37, 193
List the prime factors of 1268.
2, 317
What are the prime factors of 7139?
11, 59
What are the prime factors of 30247?
7, 29, 149
List the prime factors of 24832.
2, 97
What are the prime factors of 899?
29, 31
List the prime factors of 11295.
3, 5, 251
List the prime factors of 776.
2, 97
What are the prime factors of 753?
3, 251
What are the prime factors of 70277?
31, 2267
List the prime factors of 5755.
5, 1151
List the prime factors of 1133.
11, 103
List the prime factors of 817.
19, 43
What are the prime factors of 6575?
5, 263
List the prime factors of 261.
3, 29
What are the prime factors of 28119?
3, 7, 13, 103
What are the 